nd 4?
2
What is the highest common divisor of 7680 and 40?
40
Calculate the greatest common factor of 18 and 18.
18
Calculate the highest common divisor of 684 and 36.
36
What is the greatest common factor of 36 and 12?
12
Calculate the greatest common factor of 10 and 10.
10
Calculate the highest common factor of 167 and 21209.
167
What is the highest common divisor of 3627 and 2232?
279
Calculate the highest common factor of 119 and 7.
7
Calculate the highest common factor of 144 and 248.
8
Calculate the highest common divisor of 29 and 7047.
29
What is the greatest common factor of 65 and 3445?
65
What is the highest common factor of 736 and 160?
32
What is the greatest common divisor of 33 and 18645?
33
What is the greatest common factor of 288 and 768?
96
What is the highest common factor of 37160 and 10?
10
What is the greatest common divisor of 286 and 22?
22
What is the highest common divisor of 1634 and 38?
38
Calculate the greatest common divisor of 6 and 6.
6
What is the highest common factor of 100725 and 255?
255
What is the highest common factor of 1624 and 224?
56
What is the highest common divisor of 368 and 2464?
16
What is the greatest common divisor of 9617 and 163?
163
Calculate the highest common factor of 1372 and 49.
49
What is the greatest common divisor of 27 and 297?
27
Calculate the greatest common factor of 154 and 286.
22
What is the highest common divisor of 115 and 23?
23
Calculate the highest common factor of 22 and 297.
11
What is the highest common divisor of 256 and 320?
64
Calculate the highest common factor of 116 and 292.
4
Calculate the greatest common factor of 276 and 24.
12
What is the greatest common divisor of 2275 and 728?
91
What is the highest common divisor of 589 and 38?
19
What is the highest common divisor of 324 and 144?
36
What is the greatest common divisor of 504 and 2583?
63
What is the highest common factor of 120 and 15?
15
Calculate the greatest common factor of 153 and 68.
17
Calculate the greatest common factor of 207 and 972.
9
What is the highest common divisor of 132 and 3300?
132
Calculate the greatest common factor of 1344 and 256.
64
Calculate the greatest common divisor of 530 and 440.
10
What is the greatest common divisor of 19 and 6973?
19
Calculate the highest common divisor of 232 and 1247.
29
What is the highest common divisor of 52 and 715?
13
What is the highest common factor of 15 and 28860?
15
What is the greatest common divisor of 4 and 292?
4
Calculate the highest common divisor of 2541 and 63.
21
What is the highest common factor of 145 and 3509?
29
Calculate the highest common factor of 70 and 42.
14
Calculate the greatest common factor of 92 and 207.
23
Calculate the highest common divisor of 48 and 816.
48
What is the greatest common factor of 68 and 136?
68
What is the highest common factor of 242 and 682?
22
Calculate the highest common factor of 2261 and 952.
119
Calculate the greatest common divisor of 1 and 99.
1
Calculate the greatest common factor of 455 and 715.
65
What is the highest common divisor of 24 and 5682?
6
What is the highest common factor of 1155 and 861?
21
Calculate the highest common divisor of 48 and 20.
4
Calculate the highest common factor of 180 and 130.
10
Calculate the greatest common divisor of 6 and 266.
2
Calculate the highest common divisor of 817 and 86.
43
What is the greatest common factor of 52 and 39?
13
Calculate the highest common factor of 426 and 174.
6
Calculate the highest common factor of 1161 and 3.
3
What is the greatest common factor of 73 and 584?
73
What is the greatest common divisor of 244 and 124?
4
Calculate the highest common factor of 1274 and 52.
26
Calculate the highest common factor of 955 and 5.
5
What is the highest common divisor of 16 and 1028?
4
Calculate the highest common divisor of 259 and 148.
37
Calculate the highest common divisor of 341 and 187.
11
What is the highest common divisor of 92 and 460?
92
Calculate the greatest common factor of 1160 and 4495.
145
What is the greatest common divisor of 27 and 432?
27
Calculate the highest common factor of 696 and 87.
87
Calculate the greatest common factor of 4862 and 26.
26
Calculate the greatest common factor of 4 and 18.
2
Calculate the greatest common factor of 28 and 2716.
28
What is the highest common divisor of 10 and 25?
5
What is the highest common factor of 54516 and 308?
308
What is the greatest common factor of 24 and 320?
8
What is the highest common divisor of 126 and 84?
42
What is the greatest common factor of 66 and 957?
33
Calculate the greatest common divisor of 105 and 1155.
105
Calculate the greatest common factor of 66 and 231.
33
What is the greatest common divisor of 2723 and 1556?
389
Calculate the greatest common divisor of 107 and 1.
1
Calculate the highest common divisor of 15 and 145.
5
Calculate the highest common factor of 230 and 90.
10
Calculate the highest common divisor of 20 and 36.
4
What is the highest common divisor of 159 and 1?
1
What is the highest common factor of 62 and 93?
31
What is the greatest common factor of 483 and 112?
7
Calculate the greatest common factor of 24 and 12.
12
What is the greatest common divisor of 26 and 923?
13
Calculate the highest common factor of 42 and 399.
21
What is the highest common factor of 1375 and 440?
55
What is the greatest common divisor of 1014 and 78?
78
What is the greatest common factor of 22 and 506?
22
What is the greatest common divisor of 1043 and 7?
7
Calculate the highest common factor of 166 and 2241.
83
Calculate the highest common factor of 36491 and 91.
91
What is the greatest common factor of 8241 and 984?
123
Calculate the highest common divisor of 32 and 1.
1
What is the highest common factor of 31 and 29915?
31
Calculate the greatest common factor of 1419 and 258.
129
Calculate the highest common divisor of 86 and 6.
2
Calculate the greatest common factor of 80 and 180.
20
What is the highest common factor of 97245 and 45?
45
What is the greatest common divisor of 496 and 32?
16
What is the greatest common factor of 24 and 6?
6
What is the greatest common divisor of 270 and 12?
6
What is the highest common factor of 15378 and 198?
66
What is the highest common factor of 1300 and 60?
20
Calculate the greatest common factor of 262 and 6157.
131
What is the highest common factor of 950 and 1225?
25
What is the highest common divisor of 723 and 3?
3
Calculate the highest common factor of 496 and 186.
62
What is the greatest common factor of 18 and 153?
9
What is the highest common factor of 3741 and 645?
129
Calculate the greatest common divisor of 102 and 14195.
17
Calculate the greatest common divisor of 103 and 22763.
103
What is the greatest common divisor of 62 and 5363?
31
What is the highest common divisor of 8652 and 1512?
84
What is the highest common divisor of 8 and 5?
1
What is the highest common divisor of 5143 and 139?
139
What is the highest common divisor of 40 and 62?
2
What is the greatest common factor of 33 and 18?
3
Calculate the greatest common divisor of 35 and 685.
5
Calculate the highest common factor of 336 and 84.
84
Calculate the greatest common divisor of 216 and 243.
27
Calculate the greatest common divisor of 69 and 3381.
69
Calculate the greatest common divisor of 74847 and 366.
183
What is the highest common factor of 192 and 12576?
96
What is the greatest common divisor of 180 and 7650?
90
What is the greatest common factor of 594 and 1749?
33
What is the highest common divisor of 264 and 1488?
24
What is the greatest common factor of 38 and 2546?
38
Calculate the greatest common factor of 186 and 62.
62
What is the greatest common factor of 40512 and 96?
96
Calculate the greatest common factor of 40 and 1180.
20
What is the greatest common divisor of 549 and 9?
9
What is the greatest common factor of 108 and 72?
36
What is the greatest common factor of 2541 and 21?
21
Calculate the greatest common divisor of 5925 and 90.
15
Calculate the greatest common divisor of 200 and 280.
40
What is the highest common divisor of 387 and 27?
9
What is the greatest common divisor of 64 and 17136?
16
Calculate the highest common factor of 693 and 252.
63
Calculate the highest common divisor of 100 and 60.
20
What is the highest